{"id":2277,"date":"2019-11-12T19:07:01","date_gmt":"2019-11-12T18:07:01","guid":{"rendered":"http:\/\/www.stromsbergsbruk.nu\/?page_id=2277"},"modified":"2019-11-12T19:07:01","modified_gmt":"2019-11-12T18:07:01","slug":"ryssharjningarna","status":"publish","type":"page","link":"https:\/\/www.stromsbergsbruk.nu\/?page_id=2277","title":{"rendered":"Ryssh\u00e4rjningarna"},"content":{"rendered":"<p><strong>Ryssh\u00e4rjningarna<\/strong><br \/>\nN\u00e5gra av makthavarna.<\/p>\n<p><img loading=\"lazy\" decoding=\"async\" class=\"alignnone size-medium wp-image-2268\" src=\"https:\/\/www.stromsbergsbruk.nu\/wp-content\/uploads\/nr-2-248x300.jpg\" alt=\"\" width=\"248\" height=\"300\" srcset=\"https:\/\/www.stromsbergsbruk.nu\/wp-content\/uploads\/nr-2-248x300.jpg 248w, https:\/\/www.stromsbergsbruk.nu\/wp-content\/uploads\/nr-2.jpg 740w\" sizes=\"auto, (max-width: 248px) 100vw, 248px\" \/><br \/>\nFriherre von G\u00f6rtz, tysk statman men i svensk tj\u00e4nst \u2013 \u201dn\u00f6dmyntens fader\u201d.Han f\u00f6reslog Karl XII, att kungens systerson Karl Fredrik \u2013 m\u00f6jlig framtida tronarvinge \u2013 skulle gifta sig med en av tsar Peters d\u00f6ttrar. P\u00e5 s\u00e5 s\u00e4tt skulle fred kunna uppn\u00e5s med \u201darvfienden\u201d Ryssland.<\/p>\n<p><img loading=\"lazy\" decoding=\"async\" class=\"alignnone size-medium wp-image-2269\" src=\"https:\/\/www.stromsbergsbruk.nu\/wp-content\/uploads\/nr-3-194x300.jpg\" alt=\"\" width=\"194\" height=\"300\" srcset=\"https:\/\/www.stromsbergsbruk.nu\/wp-content\/uploads\/nr-3-194x300.jpg 194w, https:\/\/www.stromsbergsbruk.nu\/wp-content\/uploads\/nr-3-768x1189.jpg 768w, https:\/\/www.stromsbergsbruk.nu\/wp-content\/uploads\/nr-3-662x1024.jpg 662w, https:\/\/www.stromsbergsbruk.nu\/wp-content\/uploads\/nr-3.jpg 1459w\" sizes=\"auto, (max-width: 194px) 100vw, 194px\" \/>\u00a0 \u00a0 \u00a0 \u00a0<img loading=\"lazy\" decoding=\"async\" class=\"alignnone size-medium wp-image-2270\" src=\"https:\/\/www.stromsbergsbruk.nu\/wp-content\/uploads\/nr-4-300x254.jpg\" alt=\"\" width=\"300\" height=\"254\" srcset=\"https:\/\/www.stromsbergsbruk.nu\/wp-content\/uploads\/nr-4-300x254.jpg 300w, https:\/\/www.stromsbergsbruk.nu\/wp-content\/uploads\/nr-4-768x650.jpg 768w, https:\/\/www.stromsbergsbruk.nu\/wp-content\/uploads\/nr-4-1024x867.jpg 1024w, https:\/\/www.stromsbergsbruk.nu\/wp-content\/uploads\/nr-4.jpg 1803w\" sizes=\"auto, (max-width: 300px) 100vw, 300px\" \/><br \/>\nEfter Karl XII:s d\u00f6d i Norge tog snabbt kungens syster Ulrika Eleonora och hennes gem\u00e5l Fredrik av Hessen makten och l\u00e4t avr\u00e4tta von G\u00f6rtz. D\u00e4rmed f\u00f6rsvann ocks\u00e5 fredplanerna.<\/p>\n<p>Ryssarna anf\u00f6ll den svenska Ostkusten och br\u00e4nde, h\u00e4rjade och \u00f6delade st\u00e4der, byar, gods och enskilda byggnader. Det m\u00e4nskliga lidandet och den materiella f\u00f6rst\u00f6relsen blev enormt.<\/p>\n<p><img loading=\"lazy\" decoding=\"async\" class=\"alignnone size-medium wp-image-2271\" src=\"https:\/\/www.stromsbergsbruk.nu\/wp-content\/uploads\/nr-5-222x300.jpg\" alt=\"\" width=\"222\" height=\"300\" srcset=\"https:\/\/www.stromsbergsbruk.nu\/wp-content\/uploads\/nr-5-222x300.jpg 222w, https:\/\/www.stromsbergsbruk.nu\/wp-content\/uploads\/nr-5-768x1038.jpg 768w, https:\/\/www.stromsbergsbruk.nu\/wp-content\/uploads\/nr-5-758x1024.jpg 758w, https:\/\/www.stromsbergsbruk.nu\/wp-content\/uploads\/nr-5.jpg 1375w\" sizes=\"auto, (max-width: 222px) 100vw, 222px\" \/><\/p>\n<p>Den ryske bef\u00e4lhavaren f\u00f6r anfallen mot Sverige var generalamiral Fjodor Apraksin.<br \/>\n<img loading=\"lazy\" decoding=\"async\" class=\"alignnone size-medium wp-image-2272\" src=\"https:\/\/www.stromsbergsbruk.nu\/wp-content\/uploads\/nr-6-300x290.jpg\" alt=\"\" width=\"300\" height=\"290\" srcset=\"https:\/\/www.stromsbergsbruk.nu\/wp-content\/uploads\/nr-6-300x290.jpg 300w, https:\/\/www.stromsbergsbruk.nu\/wp-content\/uploads\/nr-6-768x744.jpg 768w, https:\/\/www.stromsbergsbruk.nu\/wp-content\/uploads\/nr-6-1024x991.jpg 1024w, https:\/\/www.stromsbergsbruk.nu\/wp-content\/uploads\/nr-6.jpg 2039w\" sizes=\"auto, (max-width: 300px) 100vw, 300px\" \/><\/p>\n<p>Ryssarna lyckades inte inta Stockholm, som skyddades av Vaxholms f\u00e4stning samt en stor del av den svenska flottan.<br \/>\n<img loading=\"lazy\" decoding=\"async\" class=\"alignnone size-medium wp-image-2273\" src=\"https:\/\/www.stromsbergsbruk.nu\/wp-content\/uploads\/nr-7-300x167.jpg\" alt=\"\" width=\"300\" height=\"167\" srcset=\"https:\/\/www.stromsbergsbruk.nu\/wp-content\/uploads\/nr-7-300x167.jpg 300w, https:\/\/www.stromsbergsbruk.nu\/wp-content\/uploads\/nr-7-768x427.jpg 768w, https:\/\/www.stromsbergsbruk.nu\/wp-content\/uploads\/nr-7-1024x569.jpg 1024w\" sizes=\"auto, (max-width: 300px) 100vw, 300px\" \/><\/p>\n<p>D\u00e4remot br\u00e4ndes br\u00e4ndes bruken i Forsmark, L\u00f6vstabruk, \u00c5kerby och V\u00e4stland ner till stor del.<br \/>\n<img loading=\"lazy\" decoding=\"async\" class=\"alignnone size-medium wp-image-2274\" src=\"https:\/\/www.stromsbergsbruk.nu\/wp-content\/uploads\/nr-8-300x119.jpg\" alt=\"\" width=\"300\" height=\"119\" srcset=\"https:\/\/www.stromsbergsbruk.nu\/wp-content\/uploads\/nr-8-300x119.jpg 300w, https:\/\/www.stromsbergsbruk.nu\/wp-content\/uploads\/nr-8-768x304.jpg 768w, https:\/\/www.stromsbergsbruk.nu\/wp-content\/uploads\/nr-8-1024x406.jpg 1024w\" sizes=\"auto, (max-width: 300px) 100vw, 300px\" \/><\/p>\n<p>Otroligt nog klarade sig Str\u00f6msbergs bruk, d\u00e5 ryssarna v\u00e4nde ut mot kusten igen troligen \u00e4ngsliga f\u00f6r, att en stark svensk f\u00f6rsvarsarm\u00e9 fanns i det Norduppl\u00e4ndska inlandet.<\/p>\n<p>Fred sl\u00f6ts i Nystad 1721. Sverige f\u00f6rlorade stora landomr\u00e5den. Enorma f\u00f6rluster i form av byggnader, fartyg och annan materiell f\u00f6rst\u00f6relse drabbade b\u00e5da krigf\u00f6rande l\u00e4nder. Sverige var i det n\u00e4rmaste bankrutt som nation.<br \/>\nDe m\u00e4nskliga milit\u00e4ra f\u00f6rlusterna var gigantiska med 200.000 d\u00f6da samt ett stort antal krigsf\u00e5ngar.<br \/>\nDe som dock drabbades allra v\u00e4rst var civilbefolkningen i Stockholms och Roslagens sk\u00e4rg\u00e5rdar samt stora delar av kusten norr d\u00e4rom, vilka kom att lida av st\u00f6rsta fattigdom och n\u00f6d under m\u00e5nga \u00e5r d\u00e4refter.<br \/>\n<img loading=\"lazy\" decoding=\"async\" class=\"alignnone size-medium wp-image-2275\" src=\"https:\/\/www.stromsbergsbruk.nu\/wp-content\/uploads\/nr-9-300x231.jpg\" alt=\"\" width=\"300\" height=\"231\" srcset=\"https:\/\/www.stromsbergsbruk.nu\/wp-content\/uploads\/nr-9-300x231.jpg 300w, https:\/\/www.stromsbergsbruk.nu\/wp-content\/uploads\/nr-9-768x592.jpg 768w, https:\/\/www.stromsbergsbruk.nu\/wp-content\/uploads\/nr-9-1024x789.jpg 1024w, https:\/\/www.stromsbergsbruk.nu\/wp-content\/uploads\/nr-9.jpg 1167w\" sizes=\"auto, (max-width: 300px) 100vw, 300px\" \/><\/p>\n<p>&nbsp;<\/p>\n<p>&nbsp;<\/p>\n","protected":false},"excerpt":{"rendered":"<p>Ryssh\u00e4rjningarna N\u00e5gra av makthavarna. Friherre von G\u00f6rtz, tysk statman men i svensk tj\u00e4nst \u2013 \u201dn\u00f6dmyntens fader\u201d.Han f\u00f6reslog Karl XII, att kungens systerson Karl Fredrik \u2013 m\u00f6jlig framtida tronarvinge \u2013 skulle gifta sig med en av tsar Peters d\u00f6ttrar. P\u00e5 s\u00e5 s\u00e4tt skulle fred kunna uppn\u00e5s med \u201darvfienden\u201d Ryssland. \u00a0 \u00a0 \u00a0 \u00a0 Efter Karl XII:s &hellip; <\/p>\n<p class=\"link-more\"><a href=\"https:\/\/www.stromsbergsbruk.nu\/?page_id=2277\" class=\"more-link\">Forts\u00e4tt l\u00e4sa<span class=\"screen-reader-text\"> \u201dRyssh\u00e4rjningarna\u201d<\/span><\/a><\/p>\n","protected":false},"author":1,"featured_media":0,"parent":0,"menu_order":0,"comment_status":"closed","ping_status":"closed","template":"","meta":{"footnotes":""},"class_list":["post-2277","page","type-page","status-publish","hentry"],"publishpress_future_action":{"enabled":false,"date":"2026-04-23 00:11:09","action":"change-status","newStatus":"draft","terms":[],"taxonomy":"","extraData":[]},"publishpress_future_workflow_manual_trigger":{"enabledWorkflows":[]},"_links":{"self":[{"href":"https:\/\/www.stromsbergsbruk.nu\/index.php?rest_route=\/wp\/v2\/pages\/2277","targetHints":{"allow":["GET"]}}],"collection":[{"href":"https:\/\/www.stromsbergsbruk.nu\/index.php?rest_route=\/wp\/v2\/pages"}],"about":[{"href":"https:\/\/www.stromsbergsbruk.nu\/index.php?rest_route=\/wp\/v2\/types\/page"}],"author":[{"embeddable":true,"href":"https:\/\/www.stromsbergsbruk.nu\/index.php?rest_route=\/wp\/v2\/users\/1"}],"replies":[{"embeddable":true,"href":"https:\/\/www.stromsbergsbruk.nu\/index.php?rest_route=%2Fwp%2Fv2%2Fcomments&post=2277"}],"version-history":[{"count":1,"href":"https:\/\/www.stromsbergsbruk.nu\/index.php?rest_route=\/wp\/v2\/pages\/2277\/revisions"}],"predecessor-version":[{"id":2278,"href":"https:\/\/www.stromsbergsbruk.nu\/index.php?rest_route=\/wp\/v2\/pages\/2277\/revisions\/2278"}],"wp:attachment":[{"href":"https:\/\/www.stromsbergsbruk.nu\/index.php?rest_route=%2Fwp%2Fv2%2Fmedia&parent=2277"}],"curies":[{"name":"wp","href":"https:\/\/api.w.org\/{rel}","templated":true}]}}