{"id":2348,"date":"2019-12-09T19:16:00","date_gmt":"2019-12-09T18:16:00","guid":{"rendered":"http:\/\/www.stromsbergsbruk.nu\/?page_id=2348"},"modified":"2019-12-09T19:16:00","modified_gmt":"2019-12-09T18:16:00","slug":"om-jarnhantering-och-kommunikation","status":"publish","type":"page","link":"https:\/\/www.stromsbergsbruk.nu\/?page_id=2348","title":{"rendered":"Om j\u00e4rnhantering och kommunikation"},"content":{"rendered":"<p>1920 \u2013 allts\u00e5 f\u00f6r snart 100 \u00e5r sedan \u2013 k\u00f6pte Stora Kopparbergs Bergslags AB Str\u00f6msbergs bruk \u2026. och lade d\u00e4rmed ner j\u00e4rnhanteringen. Kanske inget att fira \u2013 men vi t\u00e4nkte p\u00e5minna lite om j\u00e4rnv\u00e4gen mellan Tierp och Str\u00f6msbergs bruk.<br \/>\n<img loading=\"lazy\" decoding=\"async\" class=\"alignnone size-large wp-image-2334\" src=\"https:\/\/www.stromsbergsbruk.nu\/wp-content\/uploads\/1-3-1024x731.jpg\" alt=\"\" width=\"640\" height=\"457\" srcset=\"https:\/\/www.stromsbergsbruk.nu\/wp-content\/uploads\/1-3-1024x731.jpg 1024w, https:\/\/www.stromsbergsbruk.nu\/wp-content\/uploads\/1-3-300x214.jpg 300w, https:\/\/www.stromsbergsbruk.nu\/wp-content\/uploads\/1-3-768x548.jpg 768w, https:\/\/www.stromsbergsbruk.nu\/wp-content\/uploads\/1-3.jpg 1646w\" sizes=\"auto, (max-width: 640px) 100vw, 640px\" \/><\/p>\n<p>Under 1870-talet rensades T\u00e4mnar\u00e5n upp och iordningsst\u00e4lldes f\u00f6r pr\u00e5mtransporter (malm resp. j\u00e4rn) mellan Tierp och bruket.\u00a0<img loading=\"lazy\" decoding=\"async\" class=\"alignnone size-large wp-image-2335\" src=\"https:\/\/www.stromsbergsbruk.nu\/wp-content\/uploads\/2-3-1024x680.jpg\" alt=\"\" width=\"640\" height=\"425\" srcset=\"https:\/\/www.stromsbergsbruk.nu\/wp-content\/uploads\/2-3-1024x680.jpg 1024w, https:\/\/www.stromsbergsbruk.nu\/wp-content\/uploads\/2-3-300x199.jpg 300w, https:\/\/www.stromsbergsbruk.nu\/wp-content\/uploads\/2-3-768x510.jpg 768w, https:\/\/www.stromsbergsbruk.nu\/wp-content\/uploads\/2-3.jpg 1746w\" sizes=\"auto, (max-width: 640px) 100vw, 640px\" \/><br \/>\nPr\u00e5mleden var inte utan problem. \u00c5n m\u00e5ste \u00e5terkommande muddras. P\u00e5 vintern var den isbelagd och kunde inte anv\u00e4ndas. Lastbryggor och \u2013platser m\u00e5ste underh\u00e5llas.<\/p>\n<p>1916 startade bygget av j\u00e4rnv\u00e4gen mellan Tierp och bruket. Den blev c:a 1 mil l\u00e5ng och kom att kallas Bibanan.\u00a0<img loading=\"lazy\" decoding=\"async\" class=\"alignnone size-large wp-image-2336\" src=\"https:\/\/www.stromsbergsbruk.nu\/wp-content\/uploads\/3-3-1024x733.jpg\" alt=\"\" width=\"640\" height=\"458\" srcset=\"https:\/\/www.stromsbergsbruk.nu\/wp-content\/uploads\/3-3-1024x733.jpg 1024w, https:\/\/www.stromsbergsbruk.nu\/wp-content\/uploads\/3-3-300x215.jpg 300w, https:\/\/www.stromsbergsbruk.nu\/wp-content\/uploads\/3-3-768x550.jpg 768w, https:\/\/www.stromsbergsbruk.nu\/wp-content\/uploads\/3-3.jpg 1730w\" sizes=\"auto, (max-width: 640px) 100vw, 640px\" \/><\/p>\n<p>M\u00e5nga engagerades i banbygget<br \/>\n<img loading=\"lazy\" decoding=\"async\" class=\"alignnone size-large wp-image-2337\" src=\"https:\/\/www.stromsbergsbruk.nu\/wp-content\/uploads\/4-3-1024x714.jpg\" alt=\"\" width=\"640\" height=\"446\" srcset=\"https:\/\/www.stromsbergsbruk.nu\/wp-content\/uploads\/4-3-1024x714.jpg 1024w, https:\/\/www.stromsbergsbruk.nu\/wp-content\/uploads\/4-3-300x209.jpg 300w, https:\/\/www.stromsbergsbruk.nu\/wp-content\/uploads\/4-3-768x535.jpg 768w, https:\/\/www.stromsbergsbruk.nu\/wp-content\/uploads\/4-3.jpg 1754w\" sizes=\"auto, (max-width: 640px) 100vw, 640px\" \/><\/p>\n<p>Godstrafiken p\u00e5b\u00f6rjades redan i b\u00f6rjan av 1917.<\/p>\n<p><img loading=\"lazy\" decoding=\"async\" class=\"alignnone size-large wp-image-2338\" src=\"https:\/\/www.stromsbergsbruk.nu\/wp-content\/uploads\/5-3-1024x621.jpg\" alt=\"\" width=\"640\" height=\"388\" srcset=\"https:\/\/www.stromsbergsbruk.nu\/wp-content\/uploads\/5-3-1024x621.jpg 1024w, https:\/\/www.stromsbergsbruk.nu\/wp-content\/uploads\/5-3-300x182.jpg 300w, https:\/\/www.stromsbergsbruk.nu\/wp-content\/uploads\/5-3-768x466.jpg 768w\" sizes=\"auto, (max-width: 640px) 100vw, 640px\" \/><\/p>\n<p>I slutet p\u00e5 samma \u00e5r \u00f6ppnades banan f\u00f6r allm\u00e4n trafik.<br \/>\n<img loading=\"lazy\" decoding=\"async\" class=\"alignnone size-large wp-image-2339\" src=\"https:\/\/www.stromsbergsbruk.nu\/wp-content\/uploads\/6-3-1024x613.jpg\" alt=\"\" width=\"640\" height=\"383\" srcset=\"https:\/\/www.stromsbergsbruk.nu\/wp-content\/uploads\/6-3-1024x613.jpg 1024w, https:\/\/www.stromsbergsbruk.nu\/wp-content\/uploads\/6-3-300x179.jpg 300w, https:\/\/www.stromsbergsbruk.nu\/wp-content\/uploads\/6-3-768x459.jpg 768w\" sizes=\"auto, (max-width: 640px) 100vw, 640px\" \/><img loading=\"lazy\" decoding=\"async\" class=\"alignnone size-large wp-image-2340\" src=\"https:\/\/www.stromsbergsbruk.nu\/wp-content\/uploads\/7-2-1024x328.jpg\" alt=\"\" width=\"640\" height=\"205\" srcset=\"https:\/\/www.stromsbergsbruk.nu\/wp-content\/uploads\/7-2-1024x328.jpg 1024w, https:\/\/www.stromsbergsbruk.nu\/wp-content\/uploads\/7-2-300x96.jpg 300w, https:\/\/www.stromsbergsbruk.nu\/wp-content\/uploads\/7-2-768x246.jpg 768w, https:\/\/www.stromsbergsbruk.nu\/wp-content\/uploads\/7-2.jpg 1987w\" sizes=\"auto, (max-width: 640px) 100vw, 640px\" \/><\/p>\n<p>J\u00e4rnv\u00e4gen betydde att m\u00e5nga arbetstillf\u00e4llen kom till bygden.<br \/>\nF\u00f6rutom anl\u00e4ggningsarbetare vid banans tillkomst\u2026.\u00a0<img loading=\"lazy\" decoding=\"async\" class=\"alignnone size-large wp-image-2341\" src=\"https:\/\/www.stromsbergsbruk.nu\/wp-content\/uploads\/8-2-1024x729.jpg\" alt=\"\" width=\"640\" height=\"456\" srcset=\"https:\/\/www.stromsbergsbruk.nu\/wp-content\/uploads\/8-2-1024x729.jpg 1024w, https:\/\/www.stromsbergsbruk.nu\/wp-content\/uploads\/8-2-300x213.jpg 300w, https:\/\/www.stromsbergsbruk.nu\/wp-content\/uploads\/8-2-768x547.jpg 768w, https:\/\/www.stromsbergsbruk.nu\/wp-content\/uploads\/8-2.jpg 1779w\" sizes=\"auto, (max-width: 640px) 100vw, 640px\" \/><\/p>\n<p>\u2026..beh\u00f6vdes arbetskraft f\u00f6r att h\u00e5lla trafiken ig\u00e5ng<img loading=\"lazy\" decoding=\"async\" class=\"alignnone size-large wp-image-2342\" src=\"https:\/\/www.stromsbergsbruk.nu\/wp-content\/uploads\/9-2-1024x709.jpg\" alt=\"\" width=\"640\" height=\"443\" srcset=\"https:\/\/www.stromsbergsbruk.nu\/wp-content\/uploads\/9-2-1024x709.jpg 1024w, https:\/\/www.stromsbergsbruk.nu\/wp-content\/uploads\/9-2-300x208.jpg 300w, https:\/\/www.stromsbergsbruk.nu\/wp-content\/uploads\/9-2-768x532.jpg 768w\" sizes=\"auto, (max-width: 640px) 100vw, 640px\" \/><\/p>\n<p>Ur personallistan saxar vi n\u00e5gra namn:<br \/>\nStationsm\u00e4stare \u2013 Joel Wester f 1885.<br \/>\nStationsinspekt\u00f6r \u2013 Hugo Emanuel Mor\u00e9n f 1881.<br \/>\nStationskarl \u2013 Johan August S\u00f6derlind f 1893, Johan Robert Granbom f 1893, Johan Viktor Eriksson f 1894.<br \/>\nLokf\u00f6rare \u2013 Karl Ernst Claesson f 1868.<br \/>\nLokputsare \u2013 Alexander Leopold Pettersson f 1893, Erik Axel Persson f 1890, Per Verner Eriksson f 1894.<br \/>\nLokeldare \u2013 Karl Vilhelm Gelotte f 1882.<br \/>\nBanvakt \u2013 August Henning Dannberg f 1893, Karl Einar Wilhelmsson f 1894, Bror Ivar<br \/>\nEriksson f 1900.<\/p>\n<p>En liten station anlades vid Tolftabro\u2026.\u00a0<img loading=\"lazy\" decoding=\"async\" class=\"alignnone size-large wp-image-2343\" src=\"https:\/\/www.stromsbergsbruk.nu\/wp-content\/uploads\/10-2-1024x768.jpg\" alt=\"\" width=\"640\" height=\"480\" srcset=\"https:\/\/www.stromsbergsbruk.nu\/wp-content\/uploads\/10-2-1024x768.jpg 1024w, https:\/\/www.stromsbergsbruk.nu\/wp-content\/uploads\/10-2-300x225.jpg 300w, https:\/\/www.stromsbergsbruk.nu\/wp-content\/uploads\/10-2-768x576.jpg 768w, https:\/\/www.stromsbergsbruk.nu\/wp-content\/uploads\/10-2.jpg 1915w\" sizes=\"auto, (max-width: 640px) 100vw, 640px\" \/><\/p>\n<p>\u2026 innan slutstationen i Str\u00f6msbergs bruk.\u00a0<img loading=\"lazy\" decoding=\"async\" class=\"alignnone size-large wp-image-2344\" src=\"https:\/\/www.stromsbergsbruk.nu\/wp-content\/uploads\/11-2-1024x743.jpg\" alt=\"\" width=\"640\" height=\"464\" srcset=\"https:\/\/www.stromsbergsbruk.nu\/wp-content\/uploads\/11-2-1024x743.jpg 1024w, https:\/\/www.stromsbergsbruk.nu\/wp-content\/uploads\/11-2-300x218.jpg 300w, https:\/\/www.stromsbergsbruk.nu\/wp-content\/uploads\/11-2-768x557.jpg 768w, https:\/\/www.stromsbergsbruk.nu\/wp-content\/uploads\/11-2.jpg 1747w\" sizes=\"auto, (max-width: 640px) 100vw, 640px\" \/><\/p>\n<p>Bibana fick naturligtvis stor betydelse f\u00f6r transporter av varor och m\u00e4nniskor till och fr\u00e5n bruket.\u00a0<img loading=\"lazy\" decoding=\"async\" class=\"alignnone size-large wp-image-2345\" src=\"https:\/\/www.stromsbergsbruk.nu\/wp-content\/uploads\/12-1-1024x709.jpg\" alt=\"\" width=\"640\" height=\"443\" srcset=\"https:\/\/www.stromsbergsbruk.nu\/wp-content\/uploads\/12-1-1024x709.jpg 1024w, https:\/\/www.stromsbergsbruk.nu\/wp-content\/uploads\/12-1-300x208.jpg 300w, https:\/\/www.stromsbergsbruk.nu\/wp-content\/uploads\/12-1-768x532.jpg 768w\" sizes=\"auto, (max-width: 640px) 100vw, 640px\" \/><\/p>\n<p>Om s\u00f6ndagarna kunde man t.o.m. ta sig en promenad p\u00e5 j\u00e4rnv\u00e4gsbron.\u00a0\u00a0<img loading=\"lazy\" decoding=\"async\" class=\"alignnone size-large wp-image-2346\" src=\"https:\/\/www.stromsbergsbruk.nu\/wp-content\/uploads\/13-1-1024x691.jpg\" alt=\"\" width=\"640\" height=\"432\" srcset=\"https:\/\/www.stromsbergsbruk.nu\/wp-content\/uploads\/13-1-1024x691.jpg 1024w, https:\/\/www.stromsbergsbruk.nu\/wp-content\/uploads\/13-1-300x202.jpg 300w, https:\/\/www.stromsbergsbruk.nu\/wp-content\/uploads\/13-1-768x518.jpg 768w, https:\/\/www.stromsbergsbruk.nu\/wp-content\/uploads\/13-1.jpg 1795w\" sizes=\"auto, (max-width: 640px) 100vw, 640px\" \/><\/p>\n<p>1931 upph\u00f6rde persontrafiken och 1941 \u00e4ven transporter av gods. 1945 revs sp\u00e5ren kvar blev bara en gropig promenadv\u00e4g f\u00f6r nostalgiska vandrare\u2026\u00a0<img loading=\"lazy\" decoding=\"async\" class=\"alignnone size-large wp-image-2347\" src=\"https:\/\/www.stromsbergsbruk.nu\/wp-content\/uploads\/14-1-1024x686.jpg\" alt=\"\" width=\"640\" height=\"429\" srcset=\"https:\/\/www.stromsbergsbruk.nu\/wp-content\/uploads\/14-1-1024x686.jpg 1024w, https:\/\/www.stromsbergsbruk.nu\/wp-content\/uploads\/14-1-300x201.jpg 300w, https:\/\/www.stromsbergsbruk.nu\/wp-content\/uploads\/14-1-768x515.jpg 768w\" sizes=\"auto, (max-width: 640px) 100vw, 640px\" \/><\/p>\n","protected":false},"excerpt":{"rendered":"<p>1920 \u2013 allts\u00e5 f\u00f6r snart 100 \u00e5r sedan \u2013 k\u00f6pte Stora Kopparbergs Bergslags AB Str\u00f6msbergs bruk \u2026. och lade d\u00e4rmed ner j\u00e4rnhanteringen. Kanske inget att fira \u2013 men vi t\u00e4nkte p\u00e5minna lite om j\u00e4rnv\u00e4gen mellan Tierp och Str\u00f6msbergs bruk. Under 1870-talet rensades T\u00e4mnar\u00e5n upp och iordningsst\u00e4lldes f\u00f6r pr\u00e5mtransporter (malm resp. j\u00e4rn) mellan Tierp och bruket.\u00a0 &hellip; <\/p>\n<p class=\"link-more\"><a href=\"https:\/\/www.stromsbergsbruk.nu\/?page_id=2348\" class=\"more-link\">Forts\u00e4tt l\u00e4sa<span class=\"screen-reader-text\"> \u201dOm j\u00e4rnhantering och kommunikation\u201d<\/span><\/a><\/p>\n","protected":false},"author":1,"featured_media":0,"parent":0,"menu_order":0,"comment_status":"closed","ping_status":"closed","template":"","meta":{"footnotes":""},"class_list":["post-2348","page","type-page","status-publish","hentry"],"publishpress_future_action":{"enabled":false,"date":"2026-04-23 00:13:23","action":"change-status","newStatus":"draft","terms":[],"taxonomy":"","extraData":[]},"publishpress_future_workflow_manual_trigger":{"enabledWorkflows":[]},"_links":{"self":[{"href":"https:\/\/www.stromsbergsbruk.nu\/index.php?rest_route=\/wp\/v2\/pages\/2348","targetHints":{"allow":["GET"]}}],"collection":[{"href":"https:\/\/www.stromsbergsbruk.nu\/index.php?rest_route=\/wp\/v2\/pages"}],"about":[{"href":"https:\/\/www.stromsbergsbruk.nu\/index.php?rest_route=\/wp\/v2\/types\/page"}],"author":[{"embeddable":true,"href":"https:\/\/www.stromsbergsbruk.nu\/index.php?rest_route=\/wp\/v2\/users\/1"}],"replies":[{"embeddable":true,"href":"https:\/\/www.stromsbergsbruk.nu\/index.php?rest_route=%2Fwp%2Fv2%2Fcomments&post=2348"}],"version-history":[{"count":1,"href":"https:\/\/www.stromsbergsbruk.nu\/index.php?rest_route=\/wp\/v2\/pages\/2348\/revisions"}],"predecessor-version":[{"id":2349,"href":"https:\/\/www.stromsbergsbruk.nu\/index.php?rest_route=\/wp\/v2\/pages\/2348\/revisions\/2349"}],"wp:attachment":[{"href":"https:\/\/www.stromsbergsbruk.nu\/index.php?rest_route=%2Fwp%2Fv2%2Fmedia&parent=2348"}],"curies":[{"name":"wp","href":"https:\/\/api.w.org\/{rel}","templated":true}]}}