{"id":4223,"date":"2025-05-27T12:26:12","date_gmt":"2025-05-27T10:26:12","guid":{"rendered":"https:\/\/www.stromsbergsbruk.nu\/?page_id=4223"},"modified":"2026-03-19T12:58:01","modified_gmt":"2026-03-19T11:58:01","slug":"valkommen-test","status":"publish","type":"page","link":"https:\/\/www.stromsbergsbruk.nu\/","title":{"rendered":"Start"},"content":{"rendered":"\n<!DOCTYPE html>\n<html lang=\"sv\">\n<head>\n  <meta charset=\"UTF-8\">\n  <title>Om Str\u00f6msbergs Bruk<\/title>\n  <style>\n    #bruket-container {\n      font-family: Arial, sans-serif;\n      font-weight: normal;\n      margin: 20px auto;\n      max-width: 800px;\n      padding: 0 15px;\n      background-color: #fff;\n      color: #000;\n    }\n\n    #bruket-container h1 {\n      text-align: center;\n      font-size: 2.5em;\n      margin: 40px 0 30px;\n      border-bottom: 2px solid #999;\n      padding-bottom: 10px;\n      color: #000;\n    }\n\n    #intro,\n    #extra-content p {\n      font-size: 1em;\n      line-height: 1.6;\n      margin-bottom: 1.2em;\n    }\n\n    #extra-content {\n      display: none;\n    }\n\n    #map-container {\n      display: none;\n      margin-top: 1em;\n      text-align: center;\n    }\n\n    \/* G\u00f6r iframe responsiv *\/\n    #map-container iframe {\n      width: 100%;\n      max-width: 600px;\n      height: 400px;\n      border: 0;\n    }\n\n    .toggle-button {\n      display: inline-block;\n      margin-top: 1rem;\n      padding: 10px 20px;\n      font-size: 1em;\n      background-color: #fff;\n      color: #000;\n      border: 1px solid #000;\n      cursor: pointer;\n      transition: background-color 0.3s ease, color 0.3s ease;\n      font-weight: bold;\n      margin-right: 10px;\n      white-space: nowrap;\n    }\n\n    .toggle-button:hover {\n      background-color: #000;\n      color: #fff;\n    }\n\n    \/* Flexbox f\u00f6r knappcontainern *\/\n    #button-container {\n      display: flex;\n      flex-wrap: wrap;\n      justify-content: center;\n      gap: 10px;\n      margin-bottom: 1em;\n    }\n\n    \/* Anpassningar f\u00f6r sm\u00e5 sk\u00e4rmar *\/\n    @media (max-width: 480px) {\n      #bruket-container {\n        padding: 0 10px;\n        margin: 10px auto;\n      }\n\n      #bruket-container h1 {\n        font-size: 1.8em;\n        margin: 30px 0 20px;\n      }\n\n      .toggle-button {\n        flex: 1 1 100%;\n        font-size: 1.1em;\n        padding: 12px;\n        margin-right: 0;\n      }\n\n      #map-container iframe {\n        height: 300px;\n      }\n    }\n  <\/style>\n<\/head>\n<body>\n\n  <div id=\"bruket-container\">\n    <h1 id=\"varmt-v\u00e4lkommen\">VARMT V\u00c4LKOMMEN TILL STR\u00d6MSBERGS BRUK<\/h1>\n\n    <p id=\"intro\">Bland alla Nordupplands vallonbruk \u00e4r detta mest k\u00e4nt som \u201ddet vita bruket\u201d. Med sina v\u00e4lbevarade vitkalkade huskroppar ger det en god bild av och f\u00f6rest\u00e4llning om den gamla industriella storhetstiden.<\/p>\n\n    <div id=\"extra-content\">\n      <p>Str\u00f6msbergs bruk \u00e4r i dag ett levande samh\u00e4lle trots att den forna industrin \u00e4r nedlagd. Vi har valborgsm\u00e4sso- och midsommarfirande, Str\u00f6msbergsdagen, Julmarknaden med knallar, underh\u00e5llning och andra attraktioner. I v\u00e4vstugan framst\u00e4lls mattor, smedshanddukar och andra textilier. I bagarstugan bakas Str\u00f6msbergsbr\u00f6d efter gammalt recept och andra bakverk. H\u00e4r kan du paddla kanot eller bada i T\u00e4mnar\u00e5n, vandra eller vintertid \u00e5ka skidor i h\u00e4rligt kuperade motionssp\u00e5r. N\u00e4rhet till naturen finns alltid. Alla de gamla byggnaderna fungerar som ett intressant bruksmuseum, med guidade visningar sommartid eller f\u00f6r helt egna bes\u00f6k. Speciellt kan n\u00e4mnas Skogsbruksmuseet med \u00e4lghornssamlingen och Nostalgimuseet med gamla prylar fr\u00e5n farfars radioapparat till cyklar, mopeder och bilar fr\u00e5n en l\u00e4nge sedan svunnen tid. I augusti t\u00e4nds kolmilan i samband med Str\u00f6msbergsdagen. P\u00e5 Hedens idrottsplats en bit utanf\u00f6r samh\u00e4llet kan du se v\u00e5ra fotbollsstoltheter SIF spela ut motst\u00e5ndarna.<\/p>\n\n      <p>I Str\u00f6msbergs bruk finns en hel del sm\u00e5f\u00f6retag och c:a 200 hush\u00e5ll med fast boende samt fritidshus. H\u00e4r \u00e4r gott om parkeringsplatser, en vacker, lugn och rogivande milj\u00f6 uppskattad av s\u00e5v\u00e4l bofasta som bes\u00f6kare.<\/p>\n\n      <p>I bes\u00f6kscentrat finns all information f\u00f6r ett givande bes\u00f6k. Och \u2013 sj\u00e4lvklart njuter du under visiten av en kopp kaffe och gott hembakt br\u00f6d i Caf\u00e9 Str\u00f6msberg med h\u00f6g nostalgieffekt.<\/p>\n\n      <p>Toalett \u2013 \u00e4ven handikappanpassad \u2013 f\u00f6r bes\u00f6kande<br>\n      finns i Bes\u00f6ksinformationen (ing\u00e5ng fr\u00e5n gavel ut mot Dammen och Str\u00f6msbergs Caf\u00e9), som \u00e4r \u00f6ppen varje dag mellan kl 8.00 \u2013 18.00.<\/p>\n    <\/div>\n\n    <div id=\"button-container\">\n      <button class=\"toggle-button\" onclick=\"toggleContent()\">L\u00e4s mer om bruket<\/button>\n      <button class=\"toggle-button\" onclick=\"toggleMap()\">Hitta Hit<\/button>\n    <\/div>\n\n    <div id=\"map-container\">\n      <iframe src=\"https:\/\/www.google.com\/maps\/embed?pb=!1m18!1m12!1m3!1d63038.11431747366!2d17.462899548299557!3d60.4131662182959!2m3!1f0!2f0!3f0!3m2!1i1024!2i768!4f13.1!3m3!1m2!1s0x466091d0229f4491%3A0x14660c7bbcfd9eda!2s815%2096%20Str%C3%B6msbergs%20bruk!5e0!3m2!1ssv!2sse!4v1747813003574!5m2!1ssv!2sse\" width=\"600\" height=\"450\" style=\"border:0;\" allowfullscreen=\"\" loading=\"lazy\" referrerpolicy=\"no-referrer-when-downgrade\"><\/iframe>\n    <\/div>\n  <\/div>\n\n  <script>\n    function toggleContent() {\n      const content = document.getElementById(\"extra-content\");\n      const button = document.querySelector(\"#button-container button:first-child\");\n      const buttonContainer = document.getElementById(\"button-container\");\n      const intro = document.getElementById(\"intro\");\n\n      const isHidden = content.style.display === \"none\" || content.style.display === \"\";\n\n      if (isHidden) {\n        content.style.display = \"block\";\n        button.textContent = \"Visa mindre\";\n        content.appendChild(buttonContainer);\n      } else {\n        content.style.display = \"none\";\n        button.textContent = \"L\u00e4s mer om bruket\";\n        intro.insertAdjacentElement(\"afterend\", buttonContainer);\n      }\n    }\n\n    function toggleMap() {\n      const map = document.getElementById(\"map-container\");\n      const button = document.querySelector(\"#button-container button:last-child\");\n\n      const isHidden = map.style.display === \"none\" || map.style.display === \"\";\n\n      if (isHidden) {\n        map.style.display = \"block\";\n        button.textContent = \"D\u00f6lj kartan\";\n      } else {\n        map.style.display = \"none\";\n        button.textContent = \"Hitta Hit\";\n      }\n    }\n  <\/script>\n\n<\/body>\n<\/html>\n\n\n\n<figure class=\"wp-block-image size-full is-style-default\"><img loading=\"lazy\" decoding=\"async\" width=\"792\" height=\"605\" src=\"https:\/\/www.stromsbergsbruk.nu\/wp-content\/uploads\/Kollage-hemsida-1.jpg\" alt=\"\" class=\"wp-image-3670\" srcset=\"https:\/\/www.stromsbergsbruk.nu\/wp-content\/uploads\/Kollage-hemsida-1.jpg 792w, https:\/\/www.stromsbergsbruk.nu\/wp-content\/uploads\/Kollage-hemsida-1-300x229.jpg 300w, https:\/\/www.stromsbergsbruk.nu\/wp-content\/uploads\/Kollage-hemsida-1-768x587.jpg 768w\" sizes=\"auto, (max-width: 767px) 89vw, (max-width: 1000px) 54vw, (max-width: 1071px) 543px, 580px\" \/><\/figure>\n\n\n\n<div style=\"height:90px\" aria-hidden=\"true\" class=\"wp-block-spacer\"><\/div>\n\n\n\n<!DOCTYPE html>\n<html lang=\"sv\">\n<head>\n<meta charset=\"UTF-8\">\n<title>Eventkalender Str\u00f6msbergs Bruk 2026<\/title>\n\n<style>\n#calendar {\nfont-family: Arial, sans-serif;\nfont-weight: normal;\nmargin: 20px auto;\nmax-width: 800px;\npadding: 0 15px;\nbackground-color: #fff;\ncolor: #000;\n}\n\n#calendar h1#kalendarium {\ntext-align: center;\nfont-size: 2.5em;\nmargin: 40px 0 30px;\nborder-bottom: 2px solid #999;\npadding-bottom: 10px;\ncolor: #000;\n}\n\n#calendar-scroll {\nmax-height: 600px;\noverflow-y: auto;\npadding-right: 10px;\nborder-top: 1px solid #ccc;\n}\n\n.section-title {\nfont-size: 1.6em;\nmargin-top: 30px;\nmargin-bottom: 15px;\nborder-left: 5px solid #000;\npadding-left: 10px;\n}\n\n#calendar .month {\nfont-size: 1.8em;\nmargin-top: 50px;\nmargin-bottom: 20px;\ntext-align: center;\ncolor: #000;\nborder-left: 5px solid #000;\npadding-left: 10px;\n}\n\n#calendar .box {\nborder: 1px solid #aaa;\nborder-left: 4px solid #000;\npadding: 15px;\nmargin: 10px 0;\nbackground: #fff;\nborder-radius: 6px;\n}\n\n#search {\ndisplay: block;\nmargin: 20px auto;\npadding: 10px;\nmax-width: 800px;\nwidth: 100%;\nfont-size: 1em;\nborder: 1px solid #aaa;\nborder-radius: 6px;\n}\n<\/style>\n\n<\/head>\n\n<body>\n\n<div id=\"calendar\">\n\n<h1 id=\"kalendarium\">Det h\u00e4nder i Str\u00f6msbergs bruk 2026<\/h1>\n\n<input type=\"text\" id=\"search\" placeholder=\"S\u00f6k i kalendern...\">\n\n<div class=\"section-title\">\u00c5terkommande \u00f6ppettider<\/div>\n\n<div class=\"box\">\n<strong>Str\u00f6msbergs Caf\u00e9<\/strong><br>\nL\u00f6rdag\u2013s\u00f6ndag i mars kl. 11\u201316.<br>\n\u00d6ppet L\u00e5ngfredag\u2013Annandag P\u00e5sk kl. 11\u201316.<br>\nEfter det torsdag\u2013s\u00f6ndag kl. 11\u201316.<br>\nFr\u00e5n 1 maj dagligen kl. 11\u201316.\n<\/div>\n\n<div class=\"box\">\n<strong>Nostalgimuseum i Domarbo<\/strong><br>\n\u00d6ppet l\u00f6rdagar och s\u00f6ndagar 30\/5\u201330\/8 kl. 11\u201316 (midsommar st\u00e4ngt).\n<\/div>\n\n<div class=\"box\">\n<strong>Str\u00f6msbergs Hantverkshus (i Brukslokalen)<\/strong><br>\n\u00d6ppet l\u00f6rdagar och s\u00f6ndagar kl. 11\u201316 i april och maj.<br>\n\u00d6ppet torsdag\u2013s\u00f6ndag kl. 11\u201316 i juni, juli och augusti.\n<\/div>\n\n<div class=\"box\">\n<strong>Kanotuthyrning<\/strong><br>\n1\/5\u201330\/9. tel. 070-7425634.\n<\/div>\n\n<div class=\"box\">\n<strong>Fotoutst\u00e4llning<\/strong><br>\nDagligen 1\/6\u201313\/9 kl. 08.00\u201318.00 vid bes\u00f6kscentrum mitt emot dammen.\n<\/div>\n\n<div id=\"calendar-scroll\">Laddar kalender&#8230;<\/div>\n\n<\/div>\n\n<script>\n\ndocument.addEventListener(\"DOMContentLoaded\", function() {\n\nconst events = [\n\n{month:\"Januari\",data:[]},\n\n{month:\"Februari\",data:[\n{date:\"2026-02-16T17:00\",text:\"\u00c5rsm\u00f6te i N\u00e4tverket Str\u00f6msbergs bruks f\u00f6retagare, Torkvinden, bagarstugan.\"},\n{date:\"2026-02-16T19:00\",text:\"\u00c5rsm\u00f6te i Str\u00f6msbergs Samf\u00e4llighetsf\u00f6rening, Torkvinden, bagarstugan.\"},\n{date:\"2026-02-23T19:00\",text:\"\u00c5rsm\u00f6te Str\u00f6msbergs Idrottsf\u00f6rening, Brukskontoret.\"},\n{date:\"2026-02-28T17:00\",text:\"\u00c5rsm\u00f6te i Str\u00f6msbergs Bruksgille, Torkvinden, bagarstugan.\"}\n]},\n\n{month:\"Mars\",data:[\n{date:\"2026-03-01T11:00\",text:\"Str\u00f6msbergs Caf\u00e9 \u00f6ppet.\",endTime:\"16:00\"}\n]},\n\n{month:\"April\",data:[\n{date:\"2026-04-03T11:00\",text:\"Konst p\u00e5 v\u00e4g.\",endTime:\"17:00\"},\n{date:\"2026-04-04T11:00\",text:\"Konst p\u00e5 v\u00e4g.\",endTime:\"17:00\"},\n{date:\"2026-04-05T11:00\",text:\"Konst p\u00e5 v\u00e4g.\",endTime:\"17:00\"},\n{date:\"2026-04-05T12:00\",text:\"\u00d6ppet i masugnen och hammarsmedjan.\",endTime:\"15:00\"},\n{date:\"2026-04-06T11:00\",text:\"Konst p\u00e5 v\u00e4g.\",endTime:\"15:00\"},\n{date:\"2026-04-11T09:00\",text:\"Allm\u00e4n st\u00e4ddag, samling vid skolmuseet. Ta med redskap. Kaffe och kaka vid skolmuseet kl. 12.00.\"},\n{date:\"2026-04-25T09:00\",text:\"Allm\u00e4n st\u00e4ddag, samling vid skolmuseet. Ta med redskap. Kaffe och kaka vid skolmuseet kl. 12.00.\"},\n{date:\"2026-04-30T19:00\",text:\"Valborgsm\u00e4ssofirande. Kase, v\u00e5rtal och korvgrillning.\"}\n]},\n\n{month:\"Maj\",data:[\n{date:\"2026-05-01T09:00\",text:\"St\u00e4dning efter valborgsm\u00e4ssofirandet. Samling vid resterna av kasen.\"},\n{date:\"2026-05-16T12:00\",text:\"\u00d6ppet bruk. Masugn, hammarsmedja, skogsbruksmuseum, skolmuseum och arbetarbostad \u00e4r \u00f6ppna.\",endTime:\"15:00\"}\n]},\n\n{month:\"Juni\",data:[\n{date:\"2026-06-13T12:00\",text:\"\u00d6ppet bruk. Masugn, hammarsmedja, skogsbruksmuseum, skolmuseum och arbetarbostad \u00e4r \u00f6ppna.\",endTime:\"15:00\"},\n{date:\"2026-06-18T18:00\",text:\"Majst\u00e5ngen kl\u00e4ds. Samling vid Bruksgatan.\"},\n{date:\"2026-06-19T15:00\",text:\"Midsommarfirande vid Bruksgatan. Musik, lekar, servering.\"}\n]},\n\n{month:\"Juli\",data:[\n{date:\"2026-07-04T12:00\",text:\"\u00d6ppet i masugnen och hammarsmedjan.\",endTime:\"15:00\"},\n{date:\"2026-07-18T12:00\",text:\"\u00d6ppet bruk. Masugn, hammarsmedja, skogsbruksmuseum, skolmuseum och arbetarbostad \u00e4r \u00f6ppna.\",endTime:\"15:00\"}\n]},\n\n{month:\"Augusti\",data:[\n{date:\"2026-08-15T11:00\",text:\"Str\u00f6msbergsdagen. Aktiviteter f\u00f6r hela familjen. Marknad, musik, serveringar och ponnyridning. Boka plats f\u00f6r f\u00f6rs\u00e4ljning. tel. 070 - 643 84 41\",endTime:\"16:00\"}\n]},\n\n{month:\"September\",data:[]},\n\n{month:\"Oktober\",data:[\n{date:\"2026-10-24T17:00\",text:\"H\u00f6stm\u00f6te i Str\u00f6msbergs Bruksgille, Torkvinden, bagarstugan.\"}\n]},\n\n{month:\"November\",data:[\n{date:\"2026-11-14T09:00\",text:\"Arbete med iordningsst\u00e4llande av julmarknadslokalerna.\"},\n{date:\"2026-11-22T11:00\",text:\"Julmarknad. Boka plats f\u00f6r f\u00f6rs\u00e4ljning. tel. 070 - 643 84 41\",endTime:\"16:00\"},\n{date:\"2026-11-28T09:00\",text:\"Arbetsdag f\u00f6r \u00e5terst\u00e4llande av lokalerna efter julmarknaden.\"}\n]}\n\n];\n\nfunction formatDate(dateStr,endTime){\nconst date=new Date(dateStr);\nconst weekdays=[\"S\u00f6ndag\",\"M\u00e5ndag\",\"Tisdag\",\"Onsdag\",\"Torsdag\",\"Fredag\",\"L\u00f6rdag\"];\nconst day=weekdays[date.getDay()];\nconst dateFormatted=`${day} ${date.getDate()}\/${date.getMonth()+1}`;\nconst startTime=date.toTimeString().slice(0,5);\nreturn endTime?`${dateFormatted} kl. ${startTime}-${endTime}`:`${dateFormatted} kl. ${startTime}`;\n}\n\nfunction renderCalendar(){\n\nconst now=new Date();\nconst calendar=document.getElementById(\"calendar-scroll\");\ncalendar.innerHTML=\"\";\n\nlet hasAnyEvent=false;\nlet rubrikSatt=false; \/\/ Rubrik \u201cEvenemang\u201d endast en g\u00e5ng\n\nevents.forEach(block=>{\n\nlet monthHasEvents=false;\nconst eventDivs=[];\n\nblock.data.sort((a,b)=>new Date(a.date)-new Date(b.date));\n\nblock.data.forEach(event=>{\n\nconst start=new Date(event.date);\nlet end=null;\n\nif(event.endTime){\nconst[h,m]=event.endTime.split(\":\");\nend=new Date(start);\nend.setHours(parseInt(h),parseInt(m));\n}\n\nif(start>=now || (end && end>=now)){\nmonthHasEvents=true;\nhasAnyEvent=true;\n\nif(!rubrikSatt){\nconst rubrik=document.createElement(\"div\");\nrubrik.className=\"section-title\";\nrubrik.innerText=\"Evenemang\";\ncalendar.appendChild(rubrik);\nrubrikSatt=true;\n}\n\nconst eventDiv=document.createElement(\"div\");\neventDiv.className=\"box\";\neventDiv.innerHTML=`<strong>${formatDate(event.date,event.endTime)}<\/strong><br>${event.text}`;\neventDivs.push(eventDiv);\n}\n\n});\n\nif(monthHasEvents){\nconst monthHeader=document.createElement(\"div\");\nmonthHeader.className=\"month\";\nmonthHeader.innerText=block.month;\ncalendar.appendChild(monthHeader);\n\neventDivs.forEach(e=>calendar.appendChild(e));\n}\n\n});\n\nif(!hasAnyEvent){\ncalendar.innerHTML=\"<div class='box'>Inga kommande aktiviteter.<\/div>\";\n}\n\n}\n\nrenderCalendar();\n\n\/\/ S\u00f6kfunktion som fungerar f\u00f6r b\u00e5de \u00f6ppettider och events\nconst searchInput = document.getElementById(\"search\");\nsearchInput.addEventListener(\"input\", function() {\n    const query = searchInput.value.toLowerCase();\n    document.querySelectorAll(\"#calendar .box\").forEach(box => {\n        box.style.display = box.innerText.toLowerCase().includes(query) ? \"\" : \"none\";\n    });\n});\n\n});\n<\/script>\n\n<\/body>\n<\/html>\n\n\n\n<div style=\"height:90px\" aria-hidden=\"true\" class=\"wp-block-spacer\"><\/div>\n\n\n\n<div class=\"wp-block-group alignfull\"><div class=\"wp-block-group__inner-container is-layout-constrained wp-block-group-is-layout-constrained\">\n<h1 class=\"wp-block-heading has-text-align-center has-black-color has-text-color\" id=\"senaste-nytt\" style=\"border-bottom-color:#999;border-bottom-width:2px;margin-top:40px;margin-bottom:30px;padding-bottom:10px;font-size:2.5em;font-style:normal;font-weight:100\">\n  Senaste Nytt\n<\/h1>\n\n\n\n<div data-wp-context=\"{}\" data-wp-interactive=\"core\/query\" data-wp-key=\"31\" data-wp-router-region=\"query-31\" class=\"wp-block-query alignfull is-layout-flow wp-block-query-is-layout-flow\"><ul class=\"wp-block-group wp-block-post-template is-layout-flow wp-block-post-template-is-layout-flow\"><li data-wp-key=\"post-template-item-5070\" class=\"wp-block-post post-5070 post type-post status-publish format-standard hentry category-okategoriserade\">\n<div style=\"font-size:0.9rem;letter-spacing:1px; margin-bottom:0.3em;\" class=\"wp-block-post-date\"><time datetime=\"2026-03-20T09:17:58+01:00\">2026-03-20<\/time><\/div>\n\n<h2 style=\"color:#000; font-size:2em;font-weight:bold;line-height:1.2; margin-top:0;margin-bottom:0.5em;\" class=\"wp-block-post-title has-text-color has-arial-sans-serif-font-family\"><a href=\"https:\/\/www.stromsbergsbruk.nu\/?p=5070\" target=\"_blank\" >FYRA BRUK I TIERPS KOMMUN<\/a><\/h2>\n\n<div style=\"font-size:1em;line-height:1.6; margin-bottom:2em;\" class=\"wp-block-post-excerpt\"><p class=\"wp-block-post-excerpt__excerpt\"><\/p><p class=\"wp-block-post-excerpt__more-text\"><a class=\"wp-block-post-excerpt__more-link\" href=\"https:\/\/www.stromsbergsbruk.nu\/?p=5070\">L\u00e4s mer<\/a><\/p><\/div>\n<\/li><li data-wp-key=\"post-template-item-5048\" class=\"wp-block-post post-5048 post type-post status-publish format-standard hentry\">\n<div style=\"font-size:0.9rem;letter-spacing:1px; margin-bottom:0.3em;\" class=\"wp-block-post-date\"><time datetime=\"2026-03-13T14:59:23+01:00\">2026-03-13<\/time><\/div>\n\n<h2 style=\"color:#000; font-size:2em;font-weight:bold;line-height:1.2; margin-top:0;margin-bottom:0.5em;\" class=\"wp-block-post-title has-text-color has-arial-sans-serif-font-family\"><a href=\"https:\/\/www.stromsbergsbruk.nu\/?p=5048\" target=\"_blank\" >Fr\u00e5n Kommitt\u00e9ns m\u00f6te 11\/3<\/a><\/h2>\n\n<div style=\"font-size:1em;line-height:1.6; margin-bottom:2em;\" class=\"wp-block-post-excerpt\"><p class=\"wp-block-post-excerpt__excerpt\">Fortfarande inget beslut hur v\u00e5r ekonomi ska administreras\/hanteras. Vi avvaktar Gillets beslut i fr\u00e5gan.Vi beslutade, att Kommitt\u00e9n i forts\u00e4ttningen ska best\u00e5 av parterna Gillet, Idrottsf\u00f6reningen och Stiftelsen med representanter fr\u00e5n Caf\u00e9et och Nostalgimuseum adjungerade.Vi beslutade, att l\u00e4gga ner v\u00e5rt info-blad &#8221;BruksNytt&#8221; .Vi kommer inte att anordna n\u00e5gra bakluckeloppisar kommande sommar&hellip;<\/p><p class=\"wp-block-post-excerpt__more-text\"><a class=\"wp-block-post-excerpt__more-link\" href=\"https:\/\/www.stromsbergsbruk.nu\/?p=5048\">L\u00e4s mer<\/a><\/p><\/div>\n<\/li><li data-wp-key=\"post-template-item-5046\" class=\"wp-block-post post-5046 post type-post status-publish format-standard hentry\">\n<div style=\"font-size:0.9rem;letter-spacing:1px; margin-bottom:0.3em;\" class=\"wp-block-post-date\"><time datetime=\"2026-03-13T14:54:01+01:00\">2026-03-13<\/time><\/div>\n\n<h2 style=\"color:#000; font-size:2em;font-weight:bold;line-height:1.2; margin-top:0;margin-bottom:0.5em;\" class=\"wp-block-post-title has-text-color has-arial-sans-serif-font-family\"><a href=\"https:\/\/www.stromsbergsbruk.nu\/?p=5046\" target=\"_blank\" >BruksNytt<\/a><\/h2>\n\n<div style=\"font-size:1em;line-height:1.6; margin-bottom:2em;\" class=\"wp-block-post-excerpt\"><p class=\"wp-block-post-excerpt__excerpt\">Kommitt\u00e9n har beslutat att v\u00e5rt lilla annonsblad ska l\u00e4ggas ner. Flera har uppskattat information och annat material, som har funnits i bladet genom \u00e5ren. Nu h\u00e4nvisar vi till v\u00e5r hemsida och Face-book f\u00f6r aktuell information. Vi tackar alla l\u00e4sare, som f\u00f6ljt oss under \u00e5ren. X, Fake News tar \u00f6ver! Ingen&hellip;<\/p><p class=\"wp-block-post-excerpt__more-text\"><a class=\"wp-block-post-excerpt__more-link\" href=\"https:\/\/www.stromsbergsbruk.nu\/?p=5046\">L\u00e4s mer<\/a><\/p><\/div>\n<\/li><\/ul>\n\n<nav class=\"wp-block-group wp-block-query-pagination is-content-justification-center is-layout-flex wp-container-core-query-pagination-is-layout-16018d1d wp-block-query-pagination-is-layout-flex\" aria-label=\"Sidonumrering\">\n\n\n<a data-wp-key=\"query-pagination-next\" data-wp-on--click=\"core\/query::actions.navigate\" data-wp-on--mouseenter=\"core\/query::actions.prefetch\" data-wp-watch=\"core\/query::callbacks.prefetch\" href=\"\/index.php?rest_route=%2Fwp%2Fv2%2Fpages%2F4223&#038;query-31-page=2\" style=\"font-size:0.9rem;text-transform:capitalize;letter-spacing:1px;\" class=\"wp-block-query-pagination-next\">\u00c4ldre nyheter<span class='wp-block-query-pagination-next-arrow is-arrow-arrow' aria-hidden='true'>\u2192<\/span><\/a>\n<\/nav><\/div>\n<\/div><\/div>\n\n\n\n<script>\n(function() {\n  function optimizeForSmallScreens() {\n    if (window.innerWidth <= 768) {\n      document.body.classList.add('t17-mobile-optimized');\n    } else {\n      document.body.classList.remove('t17-mobile-optimized');\n    }\n  }\n\n  optimizeForSmallScreens();\n  window.addEventListener('resize', optimizeForSmallScreens);\n})();\n<\/script>\n\n<style>\n\/* Mobiloptimering f\u00f6r Twenty Seventeen med rubriker & knappar *\/\n\nbody.t17-mobile-optimized .wrap,\nbody.t17-mobile-optimized .site-content,\nbody.t17-mobile-optimized .entry-content {\n  padding: 15px;\n  font-size: 16px;\n  line-height: 1.6;\n}\n\n\/* D\u00f6lj sidopaneler och widgets, men visa sidfots-widgets *\/\nbody.t17-mobile-optimized .widget-area,\nbody.t17-mobile-optimized .sidebar {\n  display: none !important;\n}\nbody.t17-mobile-optimized .site-footer-widgets {\n  display: block !important; \/* Visa sidfot p\u00e5 mobil *\/\n}\n\n\/* Bilder *\/\nbody.t17-mobile-optimized img {\n  max-width: 100% !important;\n  height: auto !important;\n}\n\n\/* Header och footer *\/\nbody.t17-mobile-optimized header.site-header,\nbody.t17-mobile-optimized footer.site-footer {\n  text-align: center;\n  padding: 10px;\n}\n\n\/* Rubriker *\/\nbody.t17-mobile-optimized h1 { font-size: 1.6em !important; }\nbody.t17-mobile-optimized h2 { font-size: 1.4em !important; }\nbody.t17-mobile-optimized h3 { font-size: 1.3em !important; }\nbody.t17-mobile-optimized h4 { font-size: 1.2em !important; }\nbody.t17-mobile-optimized h5 { font-size: 1.1em !important; }\nbody.t17-mobile-optimized h6 { font-size: 1em !important; }\n\n\/* Knappar *\/\nbody.t17-mobile-optimized button,\nbody.t17-mobile-optimized .button,\nbody.t17-mobile-optimized .wp-block-button__link,\nbody.t17-mobile-optimized input[type=\"submit\"] {\n  font-size: 16px !important;\n  padding: 10px 15px !important;\n  width: 100% !important;\n  max-width: 300px;\n  display: block;\n  margin: 10px auto;\n  box-sizing: border-box;\n}\n\n\/* Anpassa din sidfots-wrapper f\u00f6r mobil *\/\n.footer-linked-images {\n  display: flex;\n  justify-content: center;\n  gap: 20px;\n  flex-wrap: wrap;\n  padding: 15px 0;\n  align-items: center;\n}\n\n.footer-linked-images a {\n  flex: 1 1 100px;\n  max-width: 150px;\n  display: block;\n  border: none !important;\n  outline: none !important;\n  box-shadow: none !important;\n  text-decoration: none !important;\n  margin: 0;\n  padding: 0;\n}\n\n.footer-linked-images a:hover,\n.footer-linked-images a:focus,\n.footer-linked-images a:active {\n  border: none !important;\n  outline: none !important;\n  box-shadow: none !important;\n  text-decoration: none !important;\n}\n\n.footer-linked-images img {\n  max-height: 80px;\n  max-width: 150px;\n  width: auto;\n  height: auto;\n  display: block;\n  border: none !important;\n  outline: none !important;\n  box-shadow: none !important;\n  margin: 0;\n  padding: 0;\n  object-fit: contain;\n}\n\n@media (max-width: 480px) {\n  .footer-linked-images {\n    gap: 10px;\n  }\n  .footer-linked-images a {\n    max-width: 120px;\n  }\n  .footer-linked-images img {\n    max-height: 60px;\n    max-width: 120px;\n  }\n}\n<\/style>\n\n\n\n<p><\/p>\n","protected":false},"excerpt":{"rendered":"<p>Om Str\u00f6msbergs Bruk VARMT V\u00c4LKOMMEN TILL STR\u00d6MSBERGS BRUK Bland alla Nordupplands vallonbruk \u00e4r detta mest k\u00e4nt som \u201ddet vita bruket\u201d. Med sina v\u00e4lbevarade vitkalkade huskroppar ger det en god bild av och f\u00f6rest\u00e4llning om den gamla industriella storhetstiden. Str\u00f6msbergs bruk \u00e4r i dag ett levande samh\u00e4lle trots att den forna industrin \u00e4r nedlagd. Vi har &hellip; <\/p>\n<p class=\"link-more\"><a href=\"https:\/\/www.stromsbergsbruk.nu\/\" class=\"more-link\">Forts\u00e4tt l\u00e4sa<span class=\"screen-reader-text\"> \u201dStart\u201d<\/span><\/a><\/p>\n","protected":false},"author":1,"featured_media":0,"parent":0,"menu_order":0,"comment_status":"closed","ping_status":"closed","template":"","meta":{"footnotes":""},"class_list":["post-4223","page","type-page","status-publish","hentry"],"publishpress_future_action":{"enabled":false,"date":"2026-04-22 22:40:54","action":"change-status","newStatus":"draft","terms":[],"taxonomy":"","extraData":[]},"publishpress_future_workflow_manual_trigger":{"enabledWorkflows":[]},"_links":{"self":[{"href":"https:\/\/www.stromsbergsbruk.nu\/index.php?rest_route=\/wp\/v2\/pages\/4223","targetHints":{"allow":["GET"]}}],"collection":[{"href":"https:\/\/www.stromsbergsbruk.nu\/index.php?rest_route=\/wp\/v2\/pages"}],"about":[{"href":"https:\/\/www.stromsbergsbruk.nu\/index.php?rest_route=\/wp\/v2\/types\/page"}],"author":[{"embeddable":true,"href":"https:\/\/www.stromsbergsbruk.nu\/index.php?rest_route=\/wp\/v2\/users\/1"}],"replies":[{"embeddable":true,"href":"https:\/\/www.stromsbergsbruk.nu\/index.php?rest_route=%2Fwp%2Fv2%2Fcomments&post=4223"}],"version-history":[{"count":88,"href":"https:\/\/www.stromsbergsbruk.nu\/index.php?rest_route=\/wp\/v2\/pages\/4223\/revisions"}],"predecessor-version":[{"id":5066,"href":"https:\/\/www.stromsbergsbruk.nu\/index.php?rest_route=\/wp\/v2\/pages\/4223\/revisions\/5066"}],"wp:attachment":[{"href":"https:\/\/www.stromsbergsbruk.nu\/index.php?rest_route=%2Fwp%2Fv2%2Fmedia&parent=4223"}],"curies":[{"name":"wp","href":"https:\/\/api.w.org\/{rel}","templated":true}]}}